at is the remainder when 2300 is divided by 49?
46
What is the remainder when 930 is divided by 51?
12
What is the remainder when 177 is divided by 38?
25
What is the remainder when 13309 is divided by 110?
109
Calculate the remainder when 309 is divided by 40.
29
Calculate the remainder when 92 is divided by 34.
24
What is the remainder when 7016 is divided by 242?
240
Calculate the remainder when 369 is divided by 75.
69
Calculate the remainder when 10 is divided by 9.
1
What is the remainder when 184 is divided by 18?
4
Calculate the remainder when 12039 is divided by 280.
279
Calculate the remainder when 767 is divided by 10.
7
Calculate the remainder when 2702 is divided by 31.
5
What is the remainder when 585 is divided by 196?
193
Calculate the remainder when 2140 is divided by 65.
60
Calculate the remainder when 193 is divided by 22.
17
Calculate the remainder when 241 is divided by 94.
53
What is the remainder when 228 is divided by 21?
18
What is the remainder when 227 is divided by 121?
106
What is the remainder when 409 is divided by 14?
3
What is the remainder when 23838 is divided by 262?
258
What is the remainder when 135 is divided by 35?
30
What is the remainder when 59 is divided by 6?
5
What is the remainder when 25 is divided by 22?
3
What is the remainder when 100 is divided by 52?
48
Calculate the remainder when 357 is divided by 106.
39
Calculate the remainder when 40 is divided by 12.
4
Calculate the remainder when 416 is divided by 21.
17
Calculate the remainder when 186 is divided by 63.
60
What is the remainder when 6511 is divided by 88?
87
What is the remainder when 623 is divided by 30?
23
What is the remainder when 7018 is divided by 90?
88
Calculate the remainder when 143 is divided by 9.
8
What is the remainder when 830 is divided by 49?
46
What is the remainder when 1214 is divided by 175?
164
Calculate the remainder when 1787 is divided by 10.
7
Calculate the remainder when 27645 is divided by 144.
141
What is the remainder when 212 is divided by 43?
40
What is the remainder when 184 is divided by 19?
13
What is the remainder when 7143 is divided by 6?
3
What is the remainder when 254 is divided by 8?
6
What is the remainder when 246 is divided by 85?
76
Calculate the remainder when 257 is divided by 65.
62
Calculate the remainder when 163 is divided by 41.
40
Calculate the remainder when 112 is divided by 21.
7
What is the remainder when 446 is divided by 5?
1
What is the remainder when 107 is divided by 36?
35
Calculate the remainder when 73 is divided by 35.
3
What is the remainder when 47 is divided by 17?
13
What is the remainder when 130 is divided by 90?
40
Calculate the remainder when 523 is divided by 263.
260
What is the remainder when 941 is divided by 313?
2
Calculate the remainder when 46 is divided by 36.
10
What is the remainder when 102 is divided by 15?
12
What is the remainder when 703 is divided by 123?
88
What is the remainder when 1620 is divided by 405?
0
Calculate the remainder when 523 is divided by 75.
73
What is the remainder when 587 is divided by 72?
11
Calculate the remainder when 593 is divided by 4.
1
What is the remainder when 595 is divided by 85?
0
Calculate the remainder when 633 is divided by 15.
3
What is the remainder when 137 is divided by 73?
64
Calculate the remainder when 4165 is divided by 52.
5
What is the remainder when 1829 is divided by 12?
5
Calculate the remainder when 381 is divided by 123.
12
What is the remainder when 444 is divided by 279?
165
Calculate the remainder when 771 is divided by 34.
23
What is the remainder when 1331 is divided by 38?
1
What is the remainder when 1373 is divided by 22?
9
Calculate the remainder when 94 is divided by 45.
4
What is the remainder when 465 is divided by 36?
33
What is the remainder when 10298 is divided by 206?
204
Calculate the remainder when 98847 is divided by 25.
22
Calculate the remainder when 250 is divided by 23.
20
What is the remainder when 3248 is divided by 13?
11
What is the remainder when 1142 is divided by 22?
20
Calculate the remainder when 895 is divided by 28.
27
Calculate the remainder when 210 is divided by 12.
6
Calculate the remainder when 657 is divided by 196.
69
What is the remainder when 220 is divided by 68?
16
Calculate the remainder when 65 is divided by 4.
1
Calculate the remainder when 45 is divided by 38.
7
What is the remainder when 38 is divided by 21?
17
Calculate the remainder when 4375 is divided by 48.
7
What is the remainder when 135 is divided by 31?
11
What is the remainder when 132 is divided by 67?
65
What is the remainder when 955 is divided by 33?
31
What is the remainder when 90 is divided by 44?
2
Calculate the remainder when 197 is divided by 67.
63
Calculate the remainder when 89 is divided by 14.
5
Calculate the remainder when 3310 is divided by 25.
10
Calculate the remainder when 4857 is divided by 4857.
0
What is the remainder when 1497 is divided by 7?
6
Calculate the remainder when 1604 is divided by 326.
300
What is the remainder when 957 is divided by 15?
12
Calculate the remainder when 346 is divided by 219.
127
What is the remainder when 336 is divided by 113?
110
What is the remainder when 8425 is divided by 22?
21
What is the remainder when 256 is divided by 86?
84
What is the remainder when 4501 is divided by 68?
13
What is the remainder when 460 is divided by 45?
10
What is the remainder when 338 is divided by 11?
8
What is the remainder when 172 is divided by 45?
37
What is the remainder when 148 is divided by 51?
46
Calculate the remainder when 229 is divided by 87.
55
What is the remainder when 61 is divided by 11?
6
What is the remainder when 375 is divided by 127?
121
What is the remainder when 11578 is divided by 12?
10
Calculate the remainder when 970 is divided by 27.
25
What is the remainder when 767 is divided by 212?
131
What is the remainder when 131 is divided by 72?
59
Calculate the remainder when 375 is divided by 32.
23
Calculate the remainder when 487 is divided by 106.
63
What is the remainder when 92 is divided by 25?
17
Calculate the remainder when 1362 is divided by 54.
12
What is the remainder when 376 is divided by 89?
20
What is the remainder when 337 is divided by 23?
15
What is the remainder when 544 is divided by 182?
180
Calculate the remainder when 1484 is divided by 6.
2
What is the remainder when 1565 is divided by 32?
29
Calculate the remainder when 154 is divided by 32.
26
What is the remainder when 5 is divided by 4?
1
Calculate the remainder when 90 is divided by 35.
20
What is the remainder when 112 is divided by 63?
49
Calculate the remainder when 1372 is divided by 415.
127
Calculate the remainder when 127 is divided by 33.
28
Calculate the remainder when 1093 is divided by 79.
66
Calculate the remainder when 37144 is divided by 121.
118
What is the remainder when 450 is divided by 147?
9
Calculate the remainder when 49 is divided by 11.
5
What is the remainder when 80 is divided by 60?
20
What is the remainder when 192 is divided by 93?
6
What is the remainder when 1004 is divided by 147?
122
Calculate the remainder when 176 is divided by 45.
41
Calculate the remainder when 1509 is divided by 228.
141
Calculate the remainder when 100 is divided by 97.
3
Calculate the remainder when 805 is divided by 156.
25
Calculate the remainder when 523 is divided by 25.
23
What is the remainder when 3379 is divided by 26?
25
What is the remainder when 113 is divided by 23?
21
Calculate the remainder when 619 is divided by 95.
49
Calculate the remainder when 1172 is divided by 19.
13
What is the remainder when 1176 is divided by 114?
36
Calculate the remainder when 158 is divided by 147.
11
What is the remainder when 26 is divided by 15?
11
What is the remainder when 1108 is divided by 157?
9
Calculate the remainder when 47 is divided by 28.
19
Calculate the remainder when 1754 is divided by 45.
44
What is the remainder when 237 is divided by 49?
41
Calculate the remainder when 712 is divided by 119.
117
What is the remainder when 2292 is divided by 762?
6
Calculate the remainder when 6004 is divided by 429.
427
What is the remainder when 3 is divided by 1?
0
What is the remainder when 796 is divided by 163?
144
Calculate the r